{"id":3045,"date":"2023-03-11T13:48:38","date_gmt":"2023-03-11T12:48:38","guid":{"rendered":"https:\/\/evangelischer-zuspruch.de\/?page_id=3045"},"modified":"2023-03-11T14:01:52","modified_gmt":"2023-03-11T13:01:52","slug":"zusprueche-februar-2023","status":"publish","type":"page","link":"https:\/\/evangelischer-zuspruch.de\/?page_id=3045","title":{"rendered":"Zuspr\u00fcche: Februar 2023"},"content":{"rendered":"\n<p>Hier finden Sie die t\u00e4glichen evangelischen Zuspr\u00fcche und der gottesdienstlichen Andachten<br><strong>Beginnend vom 01.02.2023 (Nr. 1044) bis zum 28.02.2023 (Nr. 1071)<\/strong><\/p>\n\n\n\n<p><strong>Smartphone: Zur besseren Ansicht der Tabelle bitte waagrecht! <\/strong> <\/p>\n\n\n\n<p> Wenn du den Newsletter (= Aktualisierungsdienst) mit dem neusten Evangelischen Zuspruch erhalten willst, klicke <a href=\"http:\/\/zuspruch.dieter-becker.de\/?page_id=104\"><strong>HIER<\/strong><\/a> und trage dich ein. Abmelden immer m\u00f6glich. <\/p>\n\n\n\n\n<table id=\"tablepress-49\" class=\"tablepress tablepress-id-49\">\n<thead>\n<tr class=\"row-1\">\n\t<th class=\"column-1\"><strong>Datum<br \/>\nZuspruch Anh\u00f6ren<\/strong><\/th><th class=\"column-2\"><strong>Bibeltext<\/strong><\/th><th class=\"column-3\"><strong>Autor<\/strong><\/th><th class=\"column-4\"><strong>Thema<\/strong><\/th>\n<\/tr>\n<\/thead>\n<tbody class=\"row-striping row-hover\">\n<tr class=\"row-2\">\n\t<td class=\"column-1\"><a href=\"https:\/\/evangelischer-zuspruch.de\/wp-content\/uploads\/2023\/01\/20230201_Gespoett-Gottes-wegen.mp3\" rel=\"noopener\" target=\"_blank\">Mi, 01.02.2023<\/a><br \/>\n<\/td><td class=\"column-2\">Monatspruch: 1. Mose 21, 6<\/td><td class=\"column-3\">Dieter Becker<\/td><td class=\"column-4\">Gesp\u00f6tt Gottes wegen<br \/>\n<a href=\"https:\/\/evangelischer-zuspruch.de\/wp-content\/uploads\/2023\/01\/20230201_Biff-5_Sprachmissverstaendisse.mp3\" rel=\"noopener\" target=\"_blank\">+ Biff 5 (Indo. f\u00fcr Ausl\u00e4nder)Sprachmissverst\u00e4ndnisse<\/a><\/td>\n<\/tr>\n<tr class=\"row-3\">\n\t<td class=\"column-1\"><a href=\"https:\/\/evangelischer-zuspruch.de\/wp-content\/uploads\/2023\/01\/20230202_Uralt-dumm.mp3\" rel=\"noopener\" target=\"_blank\">Do, 02.02.2023<\/a><\/td><td class=\"column-2\">Matth\u00e4us 5, 17<\/td><td class=\"column-3\">Dieter Becker<\/td><td class=\"column-4\">Uralt Dumm<br \/>\n<\/td>\n<\/tr>\n<tr class=\"row-4\">\n\t<td class=\"column-1\">Do, 02.02.2023<br \/>\n\u00dcbungsfrage:<br \/>\nWie stellt man \u00f6kologische Elektrik her?<\/td><td class=\"column-2\">Tes Montir Listrik Latihan empat<br \/>\n\u00dcbung 04  \/ <a href=\"https:\/\/evangelischer-zuspruch.de\/wp-content\/uploads\/2023\/01\/20230202_TML-4-Video.mp4\" rel=\"noopener\" target=\"_blank\">Video<\/a><\/td><td class=\"column-3\">Dieter Becker<\/td><td class=\"column-4\">Antwortoptionen: <br \/>\na) Natur wachsen lassen<br \/>\nb) Alles Zur\u00fcckschneiden<br \/>\nc) Tidak apa apa (Sch... Egal)<br \/>\n<\/td>\n<\/tr>\n<tr class=\"row-5\">\n\t<td class=\"column-1\"><a href=\"https:\/\/evangelischer-zuspruch.de\/wp-content\/uploads\/2023\/02\/20230203_Gnadenwerk.mp3\" rel=\"noopener\" target=\"_blank\">Fr, 03.02.2023<\/a><br \/>\n<\/td><td class=\"column-2\">Epheser 2, 10<\/td><td class=\"column-3\">Dieter Becker<\/td><td class=\"column-4\">Gnadenwerk<\/td>\n<\/tr>\n<tr class=\"row-6\">\n\t<td class=\"column-1\"><a href=\"https:\/\/evangelischer-zuspruch.de\/wp-content\/uploads\/2023\/02\/20230204_Kleinkariert.mp3\" rel=\"noopener\" target=\"_blank\">Sa, 04.02.2023<\/a><br \/>\n<\/td><td class=\"column-2\">2. Korinther 9, 6<\/td><td class=\"column-3\">Dieter Becker<\/td><td class=\"column-4\">Kleinkariert<\/td>\n<\/tr>\n<tr class=\"row-7\">\n\t<td class=\"column-1\">Sa, 04.02.2023<br \/>\nAbschlussfrage:<br \/>\nWie ist diese Installation zu bewerten? Bitte Bild \/ PDF ansehen rechts<\/td><td class=\"column-2\">Tes Montir Listrik Latihan lima<br \/>\n<a href=\"https:\/\/evangelischer-zuspruch.de\/wp-content\/uploads\/2023\/02\/20230204_TML-L5_Abschluss.pdf\" rel=\"noopener\" target=\"_blank\">Abschluss-\u00dcbung 05  \/ PDF-Fotos<\/a><\/td><td class=\"column-3\">Dieter Becker<\/td><td class=\"column-4\">Antwortoptionen: <br \/>\na) Um Gottes Willen<br \/>\nb) Sieht doch Top aus<br \/>\nc) Tidak apa apa (Sch... Egal)<br \/>\n<\/td>\n<\/tr>\n<tr class=\"row-8\">\n\t<td class=\"column-1\"><a href=\"https:\/\/evangelischer-zuspruch.de\/wp-content\/uploads\/2023\/02\/20230205_Septua.mp3\" rel=\"noopener\" target=\"_blank\">So, 05.02.2023<\/a><br \/>\nSeptuagesimae<\/td><td class=\"column-2\">Psalm; 31, 20-25 (Nicht EG)<br \/>\nEvangelium: Matth\u00e4us 20, 1-16<br \/>\nPredigt: Matth\u00e4us 9, 9-13<\/td><td class=\"column-3\">Dieter Becker<\/td><td class=\"column-4\">Krise-Chance des Evangeliums<br \/>\n241, 409, 292, 175<\/td>\n<\/tr>\n<tr class=\"row-9\">\n\t<td class=\"column-1\"><a href=\"https:\/\/evangelischer-zuspruch.de\/wp-content\/uploads\/2023\/02\/20230206_Selbstopfer.mp3\" rel=\"noopener\" target=\"_blank\">Mo, 06.02.2023<\/a><\/td><td class=\"column-2\">Galater 6. 9<\/td><td class=\"column-3\">Dieter Becker<\/td><td class=\"column-4\">Selbstopfer<br \/>\n<\/td>\n<\/tr>\n<tr class=\"row-10\">\n\t<td class=\"column-1\"><a href=\"https:\/\/evangelischer-zuspruch.de\/wp-content\/uploads\/2023\/02\/20230207_Integrierter-Schaltkreis.mp3\" rel=\"noopener\" target=\"_blank\">Di, 07.02.2023<\/a><br \/>\n1050. Zuspruchtag seit 25.03.2020<\/td><td class=\"column-2\">Johannes 15, 7+8<\/td><td class=\"column-3\">Dieter Becker<\/td><td class=\"column-4\"><a href=\"https:\/\/de.wikipedia.org\/wiki\/Integrierter_Schaltkreis\" rel=\"noopener\" target=\"_blank\">Integrierter Schaltkreis<\/a><\/td>\n<\/tr>\n<tr class=\"row-11\">\n\t<td class=\"column-1\"><a href=\"https:\/\/evangelischer-zuspruch.de\/wp-content\/uploads\/2023\/02\/20230208_Allzeit-froehlich.mp3\" rel=\"noopener\" target=\"_blank\">Mi, 08.02.2023<\/a><br \/>\n<br \/>\n<\/td><td class=\"column-2\">Psalm 33, 21 + <br \/>\n1. Thessalonicher 5, 16c+17a<\/td><td class=\"column-3\">Dieter Becker<\/td><td class=\"column-4\">Allzeit Fr\u00f6hlich<\/td>\n<\/tr>\n<tr class=\"row-12\">\n\t<td class=\"column-1\"><a href=\"https:\/\/evangelischer-zuspruch.de\/wp-content\/uploads\/2023\/02\/20230209_Fabula-rasa.mp3\" rel=\"noopener\" target=\"_blank\">Do, 09.02.2023<\/a><\/td><td class=\"column-2\">Zefanija 1, 7 &amp; Matth\u00e4us 24, 44<\/td><td class=\"column-3\">Dieter Becker<br \/>\n<a href=\"https:\/\/evangelischer-zuspruch.de\/wp-content\/uploads\/2023\/02\/DB-Kirche-als-parochialer-Betreuungsaufgabe-in-Becker-Hoehmann-211-224.pdf\" rel=\"noopener\" target=\"_blank\">Kirche als parochiale Betreuungsaufgabe<\/a><\/td><td class=\"column-4\">Fabula rasa ('Reihum hinzudichten!') Artikel: <br \/>\n<a href=\"https:\/\/evangelischer-zuspruch.de\/wp-content\/uploads\/2023\/02\/DB-Adressierbare-Kirche-in-Becker-Hoehmann-167-209..pdf\" rel=\"noopener\" target=\"_blank\">Adressierbare Kirche<\/a><\/td>\n<\/tr>\n<tr class=\"row-13\">\n\t<td class=\"column-1\"><a href=\"https:\/\/evangelischer-zuspruch.de\/wp-content\/uploads\/2023\/02\/20230210_Waffen-des-Friedens.mp3\" rel=\"noopener\" target=\"_blank\">Fr, 10.02.2023<\/a><br \/>\n<\/td><td class=\"column-2\">Epheser 6, 15<br \/>\nLesen <a href=\"https:\/\/www.bibleserver.com\/LUT.Ne%C3%9C.ZB.GNB\/Epheser6%2C10-20\" rel=\"noopener\" target=\"_blank\">Epheser 6, 10-20<\/a><\/td><td class=\"column-3\">Dieter Becker<\/td><td class=\"column-4\">Waffen des Friedens<\/td>\n<\/tr>\n<tr class=\"row-14\">\n\t<td class=\"column-1\"><a href=\"https:\/\/evangelischer-zuspruch.de\/wp-content\/uploads\/2023\/02\/20230211_Schambefreiuung.mp3\" rel=\"noopener\" target=\"_blank\">Sa, 11.02.2023<\/a><br \/>\n<\/td><td class=\"column-2\">Psalm 142, 8 &amp; Johannes 8, 36<\/td><td class=\"column-3\">Dieter Becker<\/td><td class=\"column-4\">Schambefreiung<br \/>\n<a href=\"https:\/\/de.wikipedia.org\/wiki\/Freik%C3%B6rperkultur\" rel=\"noopener\" target=\"_blank\">Nat(o)urismus<\/a><\/td>\n<\/tr>\n<tr class=\"row-15\">\n\t<td class=\"column-1\"><a href=\"https:\/\/evangelischer-zuspruch.de\/wp-content\/uploads\/2023\/02\/20230212_Sexa.mp3\" rel=\"noopener\" target=\"_blank\">So, 12.02.2023<\/a><br \/>\nSexagesimae<\/td><td class=\"column-2\">Psalm 118 (EG 747)<br \/>\nEvangelium: Lukas 8, 4-8<br \/>\nPedigt: Jesaja 55, 8-12a<\/td><td class=\"column-3\">Dieter Becker<br \/>\n\u00c4hnlich: <a href=\"https:\/\/evangelischer-zuspruch.de\/wp-content\/uploads\/2023\/02\/DB_Bi-Religoes.pdf\" rel=\"noopener\" target=\"_blank\">Bi-religi\u00f6s oder wie viele Seelen wohnen in mir?<\/a><\/td><td class=\"column-4\">Wie viele Evangelium (sbotschaften) gibt es?<br \/>\nLieder 452,157,295,66<br \/>\n<\/td>\n<\/tr>\n<tr class=\"row-16\">\n\t<td class=\"column-1\"><a href=\"https:\/\/evangelischer-zuspruch.de\/wp-content\/uploads\/2023\/02\/20230213_Suender-gnaedig.mp3\" rel=\"noopener\" target=\"_blank\">Mo, 13.02.2023<\/a><\/td><td class=\"column-2\">Lukas 18, 13<\/td><td class=\"column-3\">Dieter Becker<\/td><td class=\"column-4\">S\u00fcnder gn\u00e4dig<\/td>\n<\/tr>\n<tr class=\"row-17\">\n\t<td class=\"column-1\"><a href=\"https:\/\/evangelischer-zuspruch.de\/wp-content\/uploads\/2023\/02\/20230214_Reines-Herz.mp3\" rel=\"noopener\" target=\"_blank\">Di, 14.02.2023<\/a><\/td><td class=\"column-2\">Psalm 73, 1 &amp; Matth\u00e4us 5, 8<\/td><td class=\"column-3\">Dieter Becker<\/td><td class=\"column-4\">Herzensrein<\/td>\n<\/tr>\n<tr class=\"row-18\">\n\t<td class=\"column-1\"><a href=\"https:\/\/evangelischer-zuspruch.de\/wp-content\/uploads\/2023\/02\/20230215_Kipppunkt.mp3\" rel=\"noopener\" target=\"_blank\">Mi, 15.02.2023<\/a><\/td><td class=\"column-2\">Matth\u00e4us 15, 31<\/td><td class=\"column-3\">Dieter Becker<\/td><td class=\"column-4\">Kipppunkt<\/td>\n<\/tr>\n<tr class=\"row-19\">\n\t<td class=\"column-1\"><a href=\"https:\/\/evangelischer-zuspruch.de\/wp-content\/uploads\/2023\/02\/20230216_Kipppunkt-2.0.mp3\" rel=\"noopener\" target=\"_blank\">Do, 16.02.2023<\/a><\/td><td class=\"column-2\">Jona 2, 3 &amp; Lukas 12, 7a<\/td><td class=\"column-3\">Dieter Becker<\/td><td class=\"column-4\">Kipppunkt 2.0<\/td>\n<\/tr>\n<tr class=\"row-20\">\n\t<td class=\"column-1\"><a href=\"https:\/\/evangelischer-zuspruch.de\/wp-content\/uploads\/2023\/02\/20230217_Einlauf.mp3\" rel=\"noopener\" target=\"_blank\">Fr, 17.02.2023<\/a><br \/>\n1060. Zuspruchtag seit 25.03.2020<br \/>\n<\/td><td class=\"column-2\">Psalm 104, 24<\/td><td class=\"column-3\">Dieter Becker<\/td><td class=\"column-4\">Einlauf<\/td>\n<\/tr>\n<tr class=\"row-21\">\n\t<td class=\"column-1\"><a href=\"https:\/\/evangelischer-zuspruch.de\/wp-content\/uploads\/2023\/02\/20230218_Zukunft-als-Trost.mp3\" rel=\"noopener\" target=\"_blank\">Sa, 18.02.2023<\/a><br \/>\n<br \/>\n<\/td><td class=\"column-2\">R\u00f6mer 8, 38+39<\/td><td class=\"column-3\">Dieter Becker<\/td><td class=\"column-4\">Zukunft als Trost<\/td>\n<\/tr>\n<tr class=\"row-22\">\n\t<td class=\"column-1\"><a href=\"https:\/\/evangelischer-zuspruch.de\/wp-content\/uploads\/2023\/02\/20230219_Estomihi.mp3\" rel=\"noopener\" target=\"_blank\">So, 19.02.2023<\/a><br \/>\nEstomihi<\/td><td class=\"column-2\">Psalm 31 (EG 716)<br \/>\nEvangelium Markus 8, 31-38<br \/>\nPredigt: 1. Korinther 13<\/td><td class=\"column-3\">Dieter Becker<\/td><td class=\"column-4\">Warum LIEBE??<br \/>\nLieder 408, 402, 407, 432<\/td>\n<\/tr>\n<tr class=\"row-23\">\n\t<td class=\"column-1\"><a href=\"https:\/\/evangelischer-zuspruch.de\/wp-content\/uploads\/2023\/02\/20230220_Ein-Schatten-NICHTS.mp3\" rel=\"noopener\" target=\"_blank\">Mo, 20.02.2023<\/a><\/td><td class=\"column-2\">Hiob 14, 1+2<\/td><td class=\"column-3\">Dieter Becker<\/td><td class=\"column-4\">Ein Schatten NICHTS<\/td>\n<\/tr>\n<tr class=\"row-24\">\n\t<td class=\"column-1\"><a href=\"https:\/\/evangelischer-zuspruch.de\/wp-content\/uploads\/2023\/02\/20230221_Bluetenweiss.mp3\" rel=\"noopener\" target=\"_blank\">Di, 21.02.2023<\/a><\/td><td class=\"column-2\">1. Johannes 1, 9<\/td><td class=\"column-3\">Dieter Becker<\/td><td class=\"column-4\">Bl\u00fctenwei\u00df<br \/>\n\"Wei\u00dfer Riese\" <a href=\"https:\/\/www.youtube.com\/watch?v=_SWykpDUA-k\" rel=\"noopener\" target=\"_blank\">Werbespot A<\/a><\/td>\n<\/tr>\n<tr class=\"row-25\">\n\t<td class=\"column-1\"><a href=\"https:\/\/evangelischer-zuspruch.de\/wp-content\/uploads\/2023\/02\/20230222_Marketingfasten.mp3\" rel=\"noopener\" target=\"_blank\">Mi, 22.02.2023<\/a><\/td><td class=\"column-2\">Jeremia 20, 13<\/td><td class=\"column-3\">Dieter Becker<\/td><td class=\"column-4\">Marketingfasten<\/td>\n<\/tr>\n<tr class=\"row-26\">\n\t<td class=\"column-1\"><a href=\"https:\/\/evangelischer-zuspruch.de\/wp-content\/uploads\/2023\/02\/20230223_Kipppunkt-Bequemlichkeit.mp3\" rel=\"noopener\" target=\"_blank\">Do, 23.02.2023<\/a><\/td><td class=\"column-2\">Hesekiel 33, 11c &amp; Matth\u00e4us 6, 13<\/td><td class=\"column-3\">Dieter Becker<\/td><td class=\"column-4\">Kipppunkt der Bequemlichkeit<\/td>\n<\/tr>\n<tr class=\"row-27\">\n\t<td class=\"column-1\"><a href=\"https:\/\/evangelischer-zuspruch.de\/wp-content\/uploads\/2023\/02\/20230224_JX-Amen-Gottes.mp3\" rel=\"noopener\" target=\"_blank\">Fr, 24.02.2023<\/a><\/td><td class=\"column-2\">Jesaja 55, 3 &amp; 2. Korinther 1, 20<\/td><td class=\"column-3\">Dieter Becker<\/td><td class=\"column-4\">Jesus Christus - Gottes AMEN<\/td>\n<\/tr>\n<tr class=\"row-28\">\n\t<td class=\"column-1\"><a href=\"https:\/\/evangelischer-zuspruch.de\/wp-content\/uploads\/2023\/02\/20230225_Gabenlager-Gottes.mp3\">Sa, 25.02.2023<\/a><br \/>\n<br \/>\n<\/td><td class=\"column-2\">Jakobus 1, 5<\/td><td class=\"column-3\">Dieter Becker<\/td><td class=\"column-4\">Gabenlager Gottes<\/td>\n<\/tr>\n<tr class=\"row-29\">\n\t<td class=\"column-1\"><a href=\"https:\/\/evangelischer-zuspruch.de\/wp-content\/uploads\/2023\/02\/20230226_Invo.mp3\" rel=\"noopener\" target=\"_blank\">So, 26.02.2023<\/a><br \/>\nInvokavit<\/td><td class=\"column-2\">Psalm 91 (736)<br \/>\nEvangelium: Matth\u00e4us 4, 1-11<br \/>\nPredigt:<a href=\"https:\/\/www.bibleserver.com\/GNB.LUT.Ne%C3%9C.ZB\/Hiob2\" rel=\"noopener\" target=\"_blank\"> Hiob 2 (bitte LESEN)<\/a><\/td><td class=\"column-3\">Dieter Becker<\/td><td class=\"column-4\">Das Gute und das B\u00f6se<br \/>\nLieder: 91, 347, 353, 170<\/td>\n<\/tr>\n<tr class=\"row-30\">\n\t<td class=\"column-1\"><a href=\"https:\/\/evangelischer-zuspruch.de\/wp-content\/uploads\/2023\/02\/20230227_Richtbank-Gottes.mp3\" rel=\"noopener\" target=\"_blank\">Mo, 27.02.2023<\/a><br \/>\n1070. Zuspruchtag seit 25.03.2020<\/td><td class=\"column-2\">Psalm 98, 9<\/td><td class=\"column-3\">Dieter Becker<\/td><td class=\"column-4\">Richtbank Gottes<\/td>\n<\/tr>\n<tr class=\"row-31\">\n\t<td class=\"column-1\"><a href=\"https:\/\/evangelischer-zuspruch.de\/wp-content\/uploads\/2023\/02\/20230228_Hoerkraft-Gottes.mp3\" rel=\"noopener\" target=\"_blank\">Di, 28.02.2023<\/a><\/td><td class=\"column-2\">Psalm 130, 1-2 &amp; Lukas 18, 38-39<\/td><td class=\"column-3\">Dieter Becker<\/td><td class=\"column-4\">H\u00f6rkraft Gottes<\/td>\n<\/tr>\n<\/tbody>\n<\/table>\n<!-- #tablepress-49 from cache -->\n\n\n<p><!--EndFragment--><\/p>","protected":false},"excerpt":{"rendered":"<p>Hier finden Sie die t\u00e4glichen evangelischen Zuspr\u00fcche und der gottesdienstlichen AndachtenBeginnend vom 01.02.2023 (Nr. 1044) bis zum 28.02.2023 (Nr. 1071) Smartphone: Zur besseren Ansicht der Tabelle bitte waagrecht! Wenn du den Newsletter (= Aktualisierungsdienst) mit<\/p>\n","protected":false},"author":1,"featured_media":0,"parent":0,"menu_order":0,"comment_status":"closed","ping_status":"closed","template":"","meta":{"footnotes":""},"_links":{"self":[{"href":"https:\/\/evangelischer-zuspruch.de\/index.php?rest_route=\/wp\/v2\/pages\/3045"}],"collection":[{"href":"https:\/\/evangelischer-zuspruch.de\/index.php?rest_route=\/wp\/v2\/pages"}],"about":[{"href":"https:\/\/evangelischer-zuspruch.de\/index.php?rest_route=\/wp\/v2\/types\/page"}],"author":[{"embeddable":true,"href":"https:\/\/evangelischer-zuspruch.de\/index.php?rest_route=\/wp\/v2\/users\/1"}],"replies":[{"embeddable":true,"href":"https:\/\/evangelischer-zuspruch.de\/index.php?rest_route=%2Fwp%2Fv2%2Fcomments&post=3045"}],"version-history":[{"count":2,"href":"https:\/\/evangelischer-zuspruch.de\/index.php?rest_route=\/wp\/v2\/pages\/3045\/revisions"}],"predecessor-version":[{"id":3048,"href":"https:\/\/evangelischer-zuspruch.de\/index.php?rest_route=\/wp\/v2\/pages\/3045\/revisions\/3048"}],"wp:attachment":[{"href":"https:\/\/evangelischer-zuspruch.de\/index.php?rest_route=%2Fwp%2Fv2%2Fmedia&parent=3045"}],"curies":[{"name":"wp","href":"https:\/\/api.w.org\/{rel}","templated":true}]}}